ue
Suppose -124 = -2*h - 290. Let s = -82 - h. Is 8125/15 - (s/(-3) + 0) a prime number?
False
Suppose 690*c - 693*c + 567915 = 0. Is c composite?
True
Let g(b) be the second derivative of 21*b**3 - 67*b**2/2 - 31*b - 2. Is g(16) composite?
False
Suppose -81*z + 60165894 = -8*z + 101*z. Is z composite?
True
Let v(m) = -5*m + 1432*m**2 + m - 2*m + m + 11. Let g be v(3). Suppose -13*o = -9*o - g. Is o composite?
False
Let y(t) = 18*t**2 + 4*t - 8. Suppose -4*m - 96 = 5*x - 3*x, -8 = 4*m. Let r = x + 39. Is y(r) prime?
False
Suppose -1155*v = -1153*v + s - 17701, -3*v + 5*s = -26532. Is v a prime number?
True
Suppose 3*l = -9, -769721 - 108279 = -5*v + 5*l. Is v prime?
False
Is 6*(-63254)/((-8 - 4)/1) a composite number?
False
Suppose 4079349 = 9*l + 18*l. Is l a composite number?
True
Suppose -4*x - 18*a = -14*a - 1042904, 0 = 4*x + 3*a - 1042909. Is x a prime number?
False
Suppose 0 = x - 137 - 79. Is -6 + -2 + -6 + x a prime number?
False
Let z(c) be the second derivative of -16*c + 0 + 77/12*c**4 - 15/2*c**2 + 4/3*c**3. Is z(4) a prime number?
True
Let y be 2/(1 + -21) + 2047711/710. Let o = -55 + 62. Suppose -o*l = -y - 12019. Is l composite?
False
Suppose -4672*x = -4669*x - 2*j - 814951, -5*j = x - 271690. Is x prime?
False
Let g = 19841 + -13291. Let x be (4 - 5) + g + (-3 - -2). Suppose -17*u + x = -13*u. Is u composite?
False
Let s = 561751 - 80858. Is s composite?
True
Let g be (-2)/(1/6 + 16/((-2400)/85)). Let a(s) = 36*s**2 + 24*s - 33. Let r(p) = -12*p**2 - 8*p + 11. Let h(q) = 6*a(q) + 17*r(q). Is h(g) a composite number?
True
Let q(z) = -5451*z - 875. Is q(-16) a composite number?
False
Let r be ((-105)/(-3))/(4/368). Let w = r + -1661. Is w composite?
False
Let s = 81 - 91. Let o be (2 + (s - -1))*(-91 - -4). Suppose -2*c = c - o. Is c a prime number?
False
Suppose h - 11 = -3. Suppose 6*j = h*j - 268. Let p = 405 - j. Is p composite?
False
Let j = -2504 + -994. Suppose -5*f + 12 = -f, -2760 = 3*n - f. Let l = n - j. Is l a composite number?
False
Is (852/8 + 0)*(935/15 + 5) composite?
True
Suppose -193*a + 3*n - 103888 = -195*a, a + n - 51942 = 0. Is a a prime number?
False
Let s(q) = q**3 - 8*q**2 - 32*q - 7. Let y be s(11). Suppose f = -y*i - 3*f + 27800, 2*i - 2*f - 13888 = 0. Is i prime?
True
Suppose -3*l + 0*f + 5*f = -62, -3*l = 3*f - 78. Let d(r) = 16*r + 31*r - l*r + 51 + 37*r. Is d(13) a prime number?
False
Let f = 2192 - -47665. Is f prime?
False
Suppose -34 = -11*k - 6*k. Suppose 0 = k*p + 3*p + 5*a - 45160, -9026 = -p + a. Is p composite?
False
Let c be ((-9)/(-27))/(3/216). Suppose -s - 7*s = -c. Is (-177170)/(-80) + s/8 prime?
False
Let t be 12863/7 + (-144)/252. Suppose -i - 4*q - 48 = -t, -4*i - 5*q = -7189. Is i a prime number?
True
Let s = 44120 + 10235. Let b = s + -22668. Is b composite?
False
Is (3/4)/(810/(-280448460))*-2 composite?
False
Let c be 30/3 + -1 + 0. Suppose 120 = c*u + 12. Suppose -u*l = -7*l - 2825. Is l composite?
True
Let c be (5 - 2)*6/9. Let d be 2 + (-2 + 2)/c. Is (3 + -4)*(d - 88) + -3 prime?
True
Suppose 0 = -5*t + z - 123646 + 638355, -3*z - 12 = 0. Is t prime?
False
Let y(t) = t**3 + 7*t**2 + 6*t + 7. Let g be y(-3). Let v = 27 - g. Is (v + 140)*2/((-12)/(-9)) composite?
True
Let r = -154117 + 648486. Is r composite?
False
Suppose -5574747 = -23*d + 15387660. Is d a prime number?
False
Let t(g) = 483*g - 852. Let j be t(5). Let w = -1547 + 1026. Let d = w + j. Is d prime?
False
Let j(h) = 6*h**3 + h**2 - h. Let b be j(-1). Let i = -28 + b. Is (-2045)/(-4) + 1*8/i prime?
False
Suppose -8*z + 13*z + 4*d = -215, 5*z - 2*d = -185. Is 80/30*z/(-4) prime?
False
Let p(o) = 1062*o + 365. Is p(102) prime?
False
Let m(v) = -4270*v - 825. Let d(y) = 388*y + 75. Let w(n) = 45*d(n) + 4*m(n). Is w(7) composite?
True
Let p(j) = j**3 - 6*j**2 - 4. Let g be p(6). Let x be -42*((-4)/(-7) - (-11)/(-7)). Let f = x + g. Is f a composite number?
True
Let l = 2 + 0. Let w(z) = -63*z + 127. Let q be w(0). Is q/1 - (l - 2) prime?
True
Suppose 191 = 5*y + 11. Let r = 4 + -21. Let o = y + r. Is o a prime number?
True
Let g be 4 + 10 + (-2 - 1). Suppose -g*p + 12333 = -8*p. Is p a composite number?
False
Let z(y) = y - 10. Let i be z(11). Is (-2 - 2)/i - (-295 + -2) composite?
False
Let s(h) = 2*h**3 - 6*h**2 - h + 5. Let g be s(3). Let b(l) = -3*l + 8*l - 6*l - 2 + 760*l**g. Is b(1) a prime number?
True
Let w be 14 + -20 - (12369 - 3). Let a = -103 - w. Is a a prime number?
True
Let z be (-1)/((-95562)/47778 + 2). Is (-21)/(-35)*z*5 a composite number?
True
Let w(d) = -35*d**2 - 22*d - 17. Let h(j) = -36*j**2 - 22*j - 15. Let f(n) = -5*h(n) + 4*w(n). Is f(-9) prime?
True
Let l(a) = -683*a + 3477. Is l(-38) a prime number?
False
Suppose 438546 - 2961471 = -75*x. Is x prime?
False
Suppose -4*t + 46620 = 2*k + 12648, -2*k = -t + 8503. Suppose -12 = -4*a, 4*s + 5*a - t = 8204. Is s a prime number?
False
Let r(w) = -w**3 - w**2 - 6*w - 2. Let i be r(-3). Let s = 75 - i. Let j = 144 - s. Is j a composite number?
False
Suppose -37*x + 27983 + 106734 = 0. Is x a composite number?
True
Let c = 546690 - 348313. Is c a composite number?
False
Let v = 630674 - -285317. Is v composite?
False
Suppose n + 10*n = 44. Let x = 87 + n. Is x a prime number?
False
Let c(v) be the second derivative of 129*v**5 + v**4/4 - v**3/2 - v**2/2 - 258*v. Is c(1) composite?
False
Is 9/(54/12)*(-1961201)/(-22) a composite number?
True
Let k = 386 + -391. Is k/(-4 + -1) - (-1335 + -1) composite?
True
Let m be 2/(-7) + 10155/(-105). Is m*(-1 + 1 - 1) + 0 a composite number?
False
Let c = 11085 + 67002. Is c a prime number?
False
Let h be ((-15)/18)/(1/(-6)). Suppose h*l + 20 = l. Is (l + 1 + 1)/(6/(-898)) a prime number?
True
Suppose -2*a = -16*a + 28. Suppose 3*n + a*n - 3665 = 0. Is n a prime number?
True
Suppose 10*y - 356112 = -38*y. Is y a composite number?
True
Suppose 2*l + 14*o - 1126378 = 12*o, 3*l - 1689695 = 13*o. Is l prime?
True
Let k(o) = -2*o**3 + 23*o**2 + 13*o - 12. Let s be k(12). Suppose 3*w - 10 - 8 = s. Suppose -12*g + 22566 = -w*g. Is g composite?
False
Let n = -61 - -63. Let d(z) = z + z - 4*z + 2 + 4*z**3 - 2*z**2. Is d(n) composite?
True
Suppose 2990*s - 2996*s = -1370010. Is s a prime number?
False
Let a(q) be the second derivative of -20*q + 0 - 1/2*q**3 + 3/2*q**2 + 151/3*q**4. Is a(2) composite?
True
Let o(r) = r**3 + 2*r**2 + 3. Let i be o(-3). Let x be (4 - 8 - i)/(2/3). Suppose -d + 8 = l - 10, -x*l + 68 = 4*d. Is d a prime number?
False
Let j(g) = 674*g - 1830*g + 766*g + 1 + 619*g. Suppose 2*h + 6 = 3*q, 15 = 3*q + 5*h - 12. Is j(q) composite?
True
Suppose -471620 = -4*o - 10*n + 6*n, -3*o = -3*n - 353679. Is o a composite number?
False
Is 10 + ((-698498105)/(-721) - (-2)/7) a prime number?
True
Let s(r) = 5*r**3 + r**2 - 7*r + 7. Let m be s(1). Is (-81692)/(-12) + (-16)/m prime?
False
Let o be ((-2)/4)/(20/(-160)). Suppose 8427 = 2*l - o*h + 2541, -5*h = 3*l - 8785. Is l a composite number?
True
Is (73/(-292))/(635379/(-2859084) + 14/63) composite?
True
Let t(n) be the third derivative of n**6/120 - 2*n**5/15 - 17*n**4/24 - n**3/6 + 77*n**2 - n. Is t(19) composite?
True
Let d = 17 - 21. Let o be 14/63 - -35*d/(-18). Is (-15141)/(-28) + 2/o prime?
True
Let w be 2/6 + 70/(-30). Let n be 560/(-96) - w/(-12). Is (3 + n)/((-27)/3609) a composite number?
False
Let d(q) = 35*q**2 - 16*q - 23. Let o(z) = -104*z**2 + 49*z + 71. Let l(s) = -8*d(s) - 3*o(s). Is l(-6) a prime number?
True
Let h(o) = o**2 + 19*o - 8. Let a be h(-14). Let b = -78 - a. Suppose b = 9*z - 22*z + 5317. Is z a prime number?
True
Let d(q) = -31*q**3 - 7*q**2 - 7*q - 10. Let t be d(-7). Let i = t - 1897. Is 4/(-26) - (i/(-52) + 5) composite?
False
Let m be (-468)/(-60) - (-20)/(-25). Suppose -2*a = -m*a + q + 50394, q - 40317 = -4*a. Is a composite?
False
Let r(j) = 2066*j**3 - 3*j**2 + 17*j - 24. Is r(2) prime?
False
Let a = 6940 - 4542. Let v = -169 + a. Is v a composite number?
True
Is 1/((-1)/386)*4038*23/(-276) prime?
False
Let t(r) be the third derivative of 7*r**5/20 - 11*r**4/8 + 11*r**3/3 - 78*r**2 + 2. Is t(4) composite?
True
Let j = -9 - -23. Suppose 0*k + j = -2*k. Let q(o) = 5*o**2 + 2*o - 28. Is q(k) a prime number?
False
Is 99372 - (6/((-24)/10))/((-3)/6) a composite number?
False
Let x(u) = 5*u**2 - u - 2. Let o be x(1). Suppos